{"id":74,"date":"2020-11-09T14:47:16","date_gmt":"2020-11-09T17:47:16","guid":{"rendered":"https:\/\/vsc.com.br\/transportadora\/?page_id=74"},"modified":"2021-08-13T11:02:39","modified_gmt":"2021-08-13T14:02:39","slug":"unidades","status":"publish","type":"page","link":"https:\/\/vsc.com.br\/transportadora\/unidades\/","title":{"rendered":"UNIDADES"},"content":{"rendered":"<p><img loading=\"lazy\" decoding=\"async\" class=\"aligncenter wp-image-38 size-full\" src=\"https:\/\/vsc.com.br\/transportadora\/wp-content\/uploads\/pic09-1024x369-1.jpg\" alt=\"\" width=\"1024\" height=\"369\" srcset=\"https:\/\/vsc.com.br\/transportadora\/wp-content\/uploads\/pic09-1024x369-1.jpg 1024w, https:\/\/vsc.com.br\/transportadora\/wp-content\/uploads\/pic09-1024x369-1-300x108.jpg 300w, https:\/\/vsc.com.br\/transportadora\/wp-content\/uploads\/pic09-1024x369-1-768x277.jpg 768w\" sizes=\"auto, (max-width: 1024px) 100vw, 1024px\" \/><\/p>\n<ul>\n<li><strong> DIVINOPOLIS \u2013 MG<br \/>\n<\/strong>MATRIZ \u2013 Av.Autorama, n\u00ba1000 \u2013 Bairro Santa Luzia \u2013 Divin\u00f3polis \u2013 MG \u2013 Cep: 35.501-221<br \/>\nFone: 37 3229-1478 \u2013 E-mail:\u00a0<strong><a href=\"mailto:cargas@vsc.com.br\">cargas@vsc.com.br<\/a><\/strong> e\u00a0<strong><a href=\"mailto:comercial@vsc.com.br\">comercial@vsc.com.br<\/a><\/strong><br \/>\n<strong>Cidades Atendidas<\/strong>: Ara\u00fajos, Azurita, Bom Despacho, Carmo da Mata, Carmo do Cajur\u00fa, Cl\u00e1udio, Divin\u00f3polis, Ita\u00fana, Igaratinga, Mateus Leme, Par\u00e1 de Minas, Perdig\u00e3o , Santo Ant\u00f4nio do Campos, S\u00e3o Gon\u00e7alo do Par\u00e1, S\u00e3o Sebasti\u00e3o do Oeste.\u00a0<strong>Cidades atendidas via \u00f4nibus:<\/strong>Abaet\u00e9 , Dores do Indai\u00e1, Luz, Martinho Campos, Itapecerica<\/li>\n<li><strong> CONTAGEM \u2013 MG<\/strong><br \/>\nRua: Conde de Azejour, 103 \u2013 Bairro Industrial \u2013 Contagem \u2013 MG \u2013 Cep: 32.215-350<br \/>\nFone: 31 3393-1255 \u2013 E-mail:\u00a0<a href=\"mailto:vscbh@vsc.com.br\">vscbh@vsc.com.br<\/a><br \/>\n<strong>Cidades Atendidas:<\/strong>Belo Horizonte, Betim, Contagem, Ibirit\u00e9, Nova Lima, Ribeir\u00e3o das Neves, Sabar\u00e1, Santa Luzia.<\/li>\n<li><strong> CAMPINAS \u2013 SP<\/strong><br \/>\nRodovia Jornalista Francisco Aguirre Proen\u00e7a Km 3,7m, 101 \u2013 Parque Santa B\u00e1rbara \u2013 Campinas \u2013 SP \u2013 Cep: 13.064-900<br \/>\nFone: 19 3231.6675 \u2013 E-mail: <a href=\"mailto:coletasp@vsc.com.br\">coletasp@vsc.com.br<\/a><br \/>\n<strong>Cidades Atendidas:<\/strong>Americana, Caieiras, Campinas, Hortol\u00e2ndia, Itupeva, Jundia\u00ed, Nova Odessa, Santa B\u00e1rbara D\u00b4Oeste, Sumar\u00e9, Valinhos, Vinhedo.<\/li>\n<li><strong> LAGOA DA PRATA \u2013 MG<\/strong><br \/>\nRua Santa Catarina, 395 \u2013 Bairro Santa Efig\u00eania \u2013 Lagoa da Prata \u2013 MG \u2013 Cep: 35.590-000<br \/>\nFone: 37 3261-2800 \u2013 E-mail:\u00a0<a href=\"mailto:expedi%C3%A7%C3%A3o.lagoa@vsc.com.br\">expedi\u00e7\u00e3o.lagoa@vsc.com.br<\/a><br \/>\n<strong>Cidades Atendidas:<\/strong>Lagoa da Prata, Moema, Santo Ant\u00f4nio do Monte.<\/li>\n<li><strong> NOVA SERRANA \u2013 MG<\/strong><br \/>\nRua Celestina Maria, 277 \u2013 Bairro Centro \u2013 Nova Serrana \u2013 MG \u2013 Cep: 35.519-000<br \/>\nFone: 37 3226-3375 \u2013 E-mail:\u00a0<a href=\"mailto:novaserrana@vsc.com.br\">novaserrana@vsc.com.br<\/a><\/li>\n<li><strong> RIO DE JANEIRO \u2013 RJ<\/strong><br \/>\nRua Costa Rica, 189 \u2013 Bairro Penha \u2013 Rio de Janeiro \u2013 RJ \u2013 Cep. 21.021-640<br \/>\nFone: 21 2560-7365 | Fax: 21 2561-1719 \u2013 E-mail:\u00a0<a href=\"mailto:vsc.rio@vsc.com.br\">vsc.rio@vsc.com.br<\/a><br \/>\n<strong>Cidades atendidas:<\/strong>Belford Roxo, Duque de Caxias, Mesquita, Nil\u00f3polis, Niter\u00f3i, Nova Igua\u00e7u, Queimados, Rio de Janeiro Ca-pital, S\u00e3o Gon\u00e7alo, S\u00e3o Jo\u00e3o de Meriti<\/li>\n<li><strong> S\u00c3O PAULO \u2013 SP<\/strong><br \/>\nRua Soldado Benedito Patr\u00edcio, 40 \u2013 Parque Novo Mundo \u2013 S\u00e3o Paulo \u2013 SP \u2013 Cep: 02.176-040<br \/>\nFone-Fax: 11-3393-1881 \u2013 E-mail:\u00a0<a href=\"mailto:gerenciasp@vsc.com.br\">gerenciasp@vsc.com.br e coletasp@vsc.com.br<\/a><br \/>\n<strong>Cidades Atendidas:<\/strong>Barueri, Carapicu\u00edba, Cotia,Diadema, Embu das Artes,Guarulhos, Itapecerica da Serra, Itapevi, Jandira, Mau\u00e1, Osasco, Santo Andr\u00e9, S\u00e3o Bernardo do Campo, S\u00e3o Caetano do Sul, S\u00e3o Paulo Capital, Tabo\u00e3o da Serra<\/li>\n<\/ul>\n","protected":false},"excerpt":{"rendered":"<p>DIVINOPOLIS \u2013 MG MATRIZ \u2013 Av.Autorama, n\u00ba1000 \u2013 Bairro Santa Luzia \u2013 Divin\u00f3polis \u2013 MG \u2013 Cep: 35.501-221 Fone: 37 3229-1478 \u2013 E-mail:\u00a0cargas@vsc.com.br e\u00a0comercial@vsc.com.br Cidades Atendidas: Ara\u00fajos, Azurita, Bom Despacho, Carmo da Mata, Carmo do Cajur\u00fa, Cl\u00e1udio, Divin\u00f3polis, Ita\u00fana, Igaratinga, Mateus Leme, Par\u00e1 de Minas, Perdig\u00e3o , Santo Ant\u00f4nio do Campos, S\u00e3o Gon\u00e7alo do Par\u00e1, [&hellip;]<\/p>\n","protected":false},"author":1,"featured_media":0,"parent":0,"menu_order":0,"comment_status":"closed","ping_status":"closed","template":"template-full-width.php","meta":{"footnotes":""},"class_list":["post-74","page","type-page","status-publish","hentry"],"_links":{"self":[{"href":"https:\/\/vsc.com.br\/transportadora\/wp-json\/wp\/v2\/pages\/74","targetHints":{"allow":["GET"]}}],"collection":[{"href":"https:\/\/vsc.com.br\/transportadora\/wp-json\/wp\/v2\/pages"}],"about":[{"href":"https:\/\/vsc.com.br\/transportadora\/wp-json\/wp\/v2\/types\/page"}],"author":[{"embeddable":true,"href":"https:\/\/vsc.com.br\/transportadora\/wp-json\/wp\/v2\/users\/1"}],"replies":[{"embeddable":true,"href":"https:\/\/vsc.com.br\/transportadora\/wp-json\/wp\/v2\/comments?post=74"}],"version-history":[{"count":9,"href":"https:\/\/vsc.com.br\/transportadora\/wp-json\/wp\/v2\/pages\/74\/revisions"}],"predecessor-version":[{"id":164,"href":"https:\/\/vsc.com.br\/transportadora\/wp-json\/wp\/v2\/pages\/74\/revisions\/164"}],"wp:attachment":[{"href":"https:\/\/vsc.com.br\/transportadora\/wp-json\/wp\/v2\/media?parent=74"}],"curies":[{"name":"wp","href":"https:\/\/api.w.org\/{rel}","templated":true}]}}